emainder when 229699 is divided by 43.
36
What is the remainder when 489 is divided by 142?
63
What is the remainder when 522673 is divided by 33?
19
What is the remainder when 10816 is divided by 102?
4
Calculate the remainder when 1086 is divided by 123.
102
Calculate the remainder when 9653 is divided by 46.
39
Calculate the remainder when 285 is divided by 33.
21
What is the remainder when 318 is divided by 21?
3
What is the remainder when 10459 is divided by 181?
142
What is the remainder when 303658 is divided by 20?
18
Calculate the remainder when 614952 is divided by 33.
30
What is the remainder when 3657 is divided by 58?
3
What is the remainder when 4370 is divided by 294?
254
What is the remainder when 6308 is divided by 211?
189
Calculate the remainder when 128843 is divided by 9203.
1
Calculate the remainder when 100746 is divided by 48.
42
Calculate the remainder when 69839 is divided by 34917.
5
Calculate the remainder when 1270 is divided by 382.
124
Calculate the remainder when 23171 is divided by 289.
51
What is the remainder when 1086 is divided by 366?
354
What is the remainder when 23808 is divided by 243?
237
Calculate the remainder when 2285632 is divided by 14.
6
What is the remainder when 13165 is divided by 6574?
17
What is the remainder when 4567 is divided by 41?
16
Calculate the remainder when 337398 is divided by 25.
23
Calculate the remainder when 18996 is divided by 161.
159
Calculate the remainder when 127355 is divided by 944.
859
Calculate the remainder when 1928 is divided by 327.
293
What is the remainder when 2475 is divided by 19?
5
Calculate the remainder when 155436 is divided by 57.
54
What is the remainder when 8783 is divided by 59?
51
What is the remainder when 1481769 is divided by 18?
9
What is the remainder when 7734 is divided by 109?
104
Calculate the remainder when 483649 is divided by 68.
33
Calculate the remainder when 37402 is divided by 1968.
10
Calculate the remainder when 7280 is divided by 607.
603
What is the remainder when 57 is divided by 31?
26
What is the remainder when 329664 is divided by 73?
69
Calculate the remainder when 66653 is divided by 23.
22
Calculate the remainder when 4121 is divided by 877.
613
What is the remainder when 130597 is divided by 3185?
12
What is the remainder when 550314 is divided by 121?
6
Calculate the remainder when 31227 is divided by 29.
23
Calculate the remainder when 4456 is divided by 1484.
4
Calculate the remainder when 7499 is divided by 748.
19
Calculate the remainder when 141773 is divided by 510.
503
Calculate the remainder when 16712 is divided by 539.
3
Calculate the remainder when 141284 is divided by 41.
39
Calculate the remainder when 17839 is divided by 48.
31
What is the remainder when 3797 is divided by 986?
839
What is the remainder when 7720 is divided by 224?
104
Calculate the remainder when 8995 is divided by 477.
409
Calculate the remainder when 36238 is divided by 3293.
15
Calculate the remainder when 248 is divided by 202.
46
Calculate the remainder when 24073 is divided by 8010.
43
What is the remainder when 4004 is divided by 797?
19
Calculate the remainder when 231183 is divided by 58.
53
What is the remainder when 9643 is divided by 3191?
70
What is the remainder when 3051 is divided by 108?
27
Calculate the remainder when 833 is divided by 17.
0
What is the remainder when 218456 is divided by 261?
260
Calculate the remainder when 67867 is divided by 1013.
1009
Calculate the remainder when 844 is divided by 50.
44
What is the remainder when 65708 is divided by 21899?
11
What is the remainder when 100294 is divided by 9?
7
Calculate the remainder when 1138 is divided by 127.
122
What is the remainder when 12335 is divided by 102?
95
Calculate the remainder when 35699 is divided by 150.
149
Calculate the remainder when 2566364 is divided by 1072.
1068
Calculate the remainder when 812254 is divided by 8.
6
What is the remainder when 2232 is divided by 100?
32
Calculate the remainder when 434396 is divided by 800.
796
What is the remainder when 12112 is divided by 810?
772
Calculate the remainder when 78178 is divided by 167.
22
What is the remainder when 8628 is divided by 861?
18
What is the remainder when 251795 is divided by 4?
3
Calculate the remainder when 63767 is divided by 6376.
7
Calculate the remainder when 64712 is divided by 25.
12
What is the remainder when 108580 is divided by 2934?
22
Calculate the remainder when 2289 is divided by 2274.
15
What is the remainder when 12530 is divided by 1393?
1386
What is the remainder when 192365 is divided by 782?
775
What is the remainder when 625 is divided by 54?
31
Calculate the remainder when 24753 is divided by 24737.
16
What is the remainder when 1844 is divided by 534?
242
What is the remainder when 20169 is divided by 20159?
10
Calculate the remainder when 6444 is divided by 1487.
496
What is the remainder when 8144 is divided by 3987?
170
Calculate the remainder when 1154 is divided by 287.
6
Calculate the remainder when 34867 is divided by 4292.
531
What is the remainder when 3755 is divided by 805?
535
Calculate the remainder when 1205372 is divided by 40179.
2
What is the remainder when 1817089 is divided by 9?
7
Calculate the remainder when 1218 is divided by 26.
22
What is the remainder when 184606 is divided by 32?
30
What is the remainder when 5517 is divided by 1831?
24
What is the remainder when 7891 is divided by 3938?
15
Calculate the remainder when 29309 is divided by 14.
7
What is the remainder when 699027 is divided by 58252?
3
Calculate the remainder when 5719425 is divided by 132.
129
What is the remainder when 3511 is divided by 5?
1
Calculate the remainder when 69885 is divided by 64.
61
What is the remainder when 801 is divided by 561?
240
What is the remainder when 15772 is divided by 1093?
470
What is the remainder when 7367 is divided by 125?
117
What is the remainder when 5448 is divided by 11?
3
Calculate the remainder when 128 is divided by 82.
46
Calculate the remainder when 36180 is divided by 52.
40
What is the remainder when 4690 is divided by 4577?
113
What is the remainder when 1108450 is divided by 17?
16
What is the remainder when 3743 is divided by 66?
47
What is the remainder when 3210 is divided by 1024?
138
Calculate the remainder when 13599 is divided by 3321.
315
Calculate the remainder when 29127 is divided by 119.
91
What is the remainder when 114014 is divided by 3?
2
Calculate the remainder when 395936 is divided by 11312.
16
What is the remainder when 807293 is divided by 942?
941
What is the remainder when 42364 is divided by 223?
217
Calculate the remainder when 24803 is divided by 205.
203
Calculate the remainder when 3569 is divided by 11.
5
What is the remainder when 5284 is divided by 176?
4
What is the remainder when 30688 is divided by 101?
85
What is the remainder when 52246 is divided by 1196?
818
Calculate the remainder when 1004951 is divided by 312.
311
What is the remainder when 255233 is divided by 256?
1
Calculate the remainder when 22775 is divided by 4434.
605
What is the remainder when 97645 is divided by 350?
345
Calculate the remainder when 2635 is divided by 1908.
727
Calculate the remainder when 436307 is divided by 309.
308
What is the remainder when 42438 is divided by 144?
102
What is the remainder when 648 is divided by 60?
48
What is the remainder when 13646 is divided by 358?
42
What is the remainder when 2384 is divided by 113?
11
What is the remainder when 3756885 is divided by 36?
33
What is the remainder when 393022 is divided by 192?
190
Calculate the remainder when 174025 is divided by 313.
310
What is the remainder when 1600 is divided by 737?
126
Calculate the remainder when 24579 is divided by 1524.
195
Calculate the remainder when 143628 is divided by 18.
6
Calculate the remainder when 54932 is divided by 343.
52
What is the remainder when 1754 is divided by 374?
258
Calculate the remainder when 268 is divided by 231.
37
Calculate the remainder when 1252 is divided by 55.
42
Calculate the remainder when 1111280 is divided by 111128.
0
What is the remainder when 21997 is divided by 27?
19
What is the remainder when 4961552 is divided by 215?
212
Calculate the remainder when 19246 